r of 40893?
False
Is 146889 a multiple of 244?
False
Does 49 divide 44002?
True
Is 10 a factor of 452531?
False
Does 37 divide 543678?
True
Is 11 a factor of 326260?
True
Is 159 a factor of 343105?
False
Is 176 a factor of 21998?
False
Is 51 a factor of 115533?
False
Is 97 a factor of 129487?
False
Does 70 divide 110740?
True
Is 125011 a multiple of 20?
False
Does 378 divide 8258544?
True
Is 626 a factor of 2279320?
False
Is 6880113 a multiple of 37?
True
Is 39 a factor of 50895?
True
Is 86641 a multiple of 118?
False
Is 196754 a multiple of 418?
False
Is 8 a factor of 316310?
False
Is 9 a factor of 7222950?
True
Does 2 divide 1492113?
False
Does 144 divide 10563506?
False
Does 4 divide 410115?
False
Is 17 a factor of 132507?
False
Is 400 a factor of 5764429?
False
Does 3 divide 382333?
False
Is 3298958 a multiple of 403?
True
Is 77701 a multiple of 53?
False
Does 56 divide 316647?
False
Does 27 divide 3839893?
False
Does 70 divide 821573?
False
Does 29 divide 9110436?
False
Is 629 a factor of 6336611?
False
Is 42252 a multiple of 14?
True
Is 88 a factor of 999416?
True
Does 5 divide 5300158?
False
Is 59600 a multiple of 11?
False
Does 117 divide 797669?
False
Is 71050 a multiple of 49?
True
Is 420848 a multiple of 907?
True
Is 214 a factor of 8610504?
True
Does 79 divide 5331?
False
Is 45 a factor of 54341?
False
Does 648 divide 3972661?
False
Is 22092 a multiple of 6?
True
Does 60 divide 4537260?
True
Is 161050 a multiple of 10?
True
Is 473 a factor of 3362557?
True
Is 3902789 a multiple of 2049?
False
Is 798679 a multiple of 76?
False
Is 53281 a multiple of 17?
False
Does 15 divide 1132812?
False
Does 15 divide 398910?
True
Does 148 divide 467384?
True
Is 9 a factor of 132245?
False
Is 759466 a multiple of 86?
True
Does 709 divide 1133028?
False
Is 23 a factor of 334903?
True
Is 3491540 a multiple of 130?
True
Does 623 divide 15637923?
True
Is 1545336 a multiple of 70?
False
Does 413 divide 1421595?
False
Is 193863 a multiple of 24?
False
Is 79 a factor of 4877398?
False
Does 6 divide 31503?
False
Does 10 divide 35210?
True
Is 237255 a multiple of 15?
True
Does 20 divide 56401?
False
Is 28507 a multiple of 16?
False
Is 32 a factor of 658744?
False
Is 5019255 a multiple of 15?
True
Is 1321890 a multiple of 278?
True
Is 61 a factor of 51606?
True
Is 1438200 a multiple of 180?
True
Is 41 a factor of 517789?
True
Is 217406 a multiple of 3?
False
Is 112089 even?
False
Is 4128630 a multiple of 110?
True
Does 248 divide 10402360?
True
Is 21 a factor of 238497?
True
Is 669739 a multiple of 240?
False
Does 67 divide 613976?
False
Is 3840167 a multiple of 209?
False
Does 18 divide 256230?
True
Does 29 divide 105241?
True
Is 15264 a multiple of 8?
True
Is 43 a factor of 419025?
False
Is 6231924 a multiple of 473?
False
Is 232 a factor of 8443998?
False
Is 671190 a multiple of 26?
True
Is 4050680 a multiple of 144?
False
Is 2146524 a multiple of 12?
True
Is 299 a factor of 60099?
True
Is 7 a factor of 15573306?
True
Is 127 a factor of 13590143?
True
Does 399 divide 4651542?
True
Is 20 a factor of 3557260?
True
Is 533 a factor of 5665790?
True
Is 37140 a multiple of 10?
True
Is 117 a factor of 67387?
False
Is 22 a factor of 2085028?
True
Is 22 a factor of 2196500?
False
Is 921025 a multiple of 95?
True
Is 3728484 a multiple of 19?
True
Does 18 divide 168934?
False
Is 73 a factor of 606502?
False
Is 270104 a multiple of 19?
True
Is 3012809 a multiple of 20?
False
Is 338149 a multiple of 317?
False
Is 799 a factor of 16650361?
True
Does 12 divide 34323?
False
Is 2851603 a multiple of 14?
False
Is 4 a factor of 126861?
False
Does 108 divide 7126574?
False
Is 239 a factor of 139582?
False
Does 37 divide 3459026?
False
Does 17 divide 174091?
False
Is 1165 a factor of 2804155?
True
Is 256907 a multiple of 217?
False
Does 130 divide 6107530?
True
Does 12 divide 46440?
True
Is 14 a factor of 183910?
False
Is 163 a factor of 1940782?
False
Is 26 a factor of 362674?
True
Is 97 a factor of 4067345?
False
Does 22 divide 787402?
True
Is 756205 a multiple of 207?
False
Does 486 divide 12332310?
False
Is 123 a factor of 79950?
True
Is 28363 a multiple of 17?
False
Is 14906408 a multiple of 1454?
True
Does 65 divide 135070?
True
Is 5567463 a multiple of 292?
False
Is 12676002 a multiple of 57?
True
Does 404 divide 260984?
True
Does 281 divide 16006603?
True
Does 27 divide 1270867?
False
Is 38 a factor of 81436?
False
Is 435661 a multiple of 29?
False
Does 1156 divide 12451276?
True
Is 562 a factor of 1662292?
False
Is 185 a factor of 379805?
True
Does 11 divide 13310?
True
Is 34545 a multiple of 7?
True
Is 31491417 a multiple of 958?
False
Does 801 divide 3556897?
False
Does 25 divide 88225?
True
Is 21 a factor of 376698?
True
Is 401 a factor of 1643548?
False
Is 969748 a multiple of 37?
False
Is 626 a factor of 400488?
False
Does 96 divide 293376?
True
Is 175869 a multiple of 35?
False
Is 14 a factor of 519554?
True
Is 596822 a multiple of 320?
False
Does 72 divide 111545?
False
Does 221 divide 3006536?
False
Is 636517 a multiple of 4?
False
Is 32 a factor of 113967?
False
Is 178860 a multiple of 5?
True
Is 134650 a multiple of 23?
False
Does 327 divide 2359632?
True
Does 55 divide 63153?
False
Is 784795 a multiple of 5?
True
Does 121 divide 16399656?
False
Does 5 divide 82474?
False
Is 564263 a multiple of 149?
True
Is 53316 a multiple of 12?
True
Is 328 a factor of 1271000?
True
Is 24 a factor of 24445056?
True
Does 9 divide 567702?
True
Is 26 a factor of 1099618?
True
Is 31376 even?
True
Is 69 a factor of 1365027?
True
Is 5 a factor of 486652?
False
Is 3510516 a multiple of 14?
False
Is 2630944 a multiple of 32?
True
Is 5 a factor of 536428?
False
Is 1533456 a multiple of 18?
True
Is 343 a factor of 128908?
False
Is 5 a factor of 38302?
False
Does 6 divide 59717?
False
Is 155592 a multiple of 35?
False
Does 92 divide 74796?
True
Does 703 divide 2742403?
True
Does 316 divide 148431?
False
Is 4458825 a multiple of 12?
False
Does 33 divide 18317119?
False
Does 94 divide 775247?
False
Is 221 a factor of 78997?
False
Is 5 a factor of 9190?
True
Is 216 a factor of 134517?
False
Is 10 a factor of 193611?
False
Is 368 a factor of 1766?
False
Is 5122 a multiple of 26?
True
Is 10 a factor of 1584732?
False
Does 57 divide 3042410?
False
Does 172 divide 363690?
False
Is 2093670 a multiple of 18?
True
Does 8 divide 974712?
True
Is 374304 a multiple of 12?
True
Does 47 divide 1024918?
False
Is 237 a factor of 70244?
False
Is 87 a factor of 210540?
True
Is 6 a factor of 10978?
False
Is 5166444 a multiple of 276?
True
Is 74383 a multiple of 2?
False
Is 16 a factor of 1051504?
True
Does 26 divide 7731686?
False
Is 9 a factor of 3905?
False
Does 11 divide 2991725?
True
Is 15 a factor of 464663?
False
Does 184 divide 9352168?
True
Does 172 divide 71509?
False
Does 36 divide 213617?
False
Does 23 divide 5681?
True
Is 402 a factor of 44299?
False
Is 97 a factor of 6678260?
False
Does 2 divide 604?
True
Is 229197 a multiple of 4?
False
Is 132 a factor of 98055?
False
Does 18 divide 10289094?
False
Is 59 a factor of 1595773?
True
Is 428456 a multiple of 28?
True
Is 55011 a multiple of 11?
True
Is 18866 a multiple of 16?
False
Is 25920 a multiple of 24?
True
Is 34 a factor of 720120?
True
Is 132 a factor of 3774807?
False
Is 6482238 a multiple of 592?
False
Is 42291 a multiple of 333?
True
Is 31617 a multiple of 193?
False
Is 74104 a multiple of 59?
True
Is 943696 a multiple of 54?
False
Is 36 a factor of 896724?
True
Is 16183 even?
False
Is 4624 a multiple of 2?
True
Does 114 divide 2686863?
False
Is 338604 a multiple of 556?
True
Is 7 a factor of 167551?
False
Is 112579 a multiple of 103?
True
Is 87420 a multiple of 141?
True
Does 8 divide 1236168?
True
Is 397069 a multiple of 139?
False
Is 562 a factor of 14015128?
False
Is 17312 a multiple of 208?
False
Does 34 divide 233002?
True
Is 699 a factor of 125820?
True
Is 355 a factor of 242176?
False
Is 302 a factor of 6701984?
True
Is 6 a factor of 117276?
True
Is 277 a factor of 142655?
True
Is 6 a factor of 12874320?
True
Is 57 a factor of 354501?
False
Is 10 a factor of 144881?
False
Does 94 divide 725732?
False
Is 2396985 a multiple of 16?
False
Does 452 divide 256736?
True
Is 65 a factor of 7900880?
True
Does 3 divide 8488?
False